{"id":98,"date":"2023-09-24T15:36:33","date_gmt":"2023-09-24T13:36:33","guid":{"rendered":"http:\/\/sadowy.one\/?page_id=98"},"modified":"2023-12-27T11:45:14","modified_gmt":"2023-12-27T10:45:14","slug":"o-mnie","status":"publish","type":"page","link":"https:\/\/sadowy.one\/?page_id=98","title":{"rendered":"Moja pasja &#8211; szermierka"},"content":{"rendered":"\n<p>Nazywam si\u0119 Krzysztof Sadowy. Wraz z moim m\u0142odszym bratem Wojtkiem trenujemy wyczynowo szermierk\u0119 i walczymy szpadami.<\/p>\n\n\n\n<p>Mo\u017cna powiedzie\u0107, \u017ce szermierk\u0119 wyssa\u0142em z mlekiem matki \ud83d\ude42 poniewa\u017c moi rodzice r\u00f3wnie\u017c trenowali wyczonowo szpad\u0119 a teraz s\u0105 trenerami.<\/p>\n\n\n\n<figure class=\"wp-block-gallery has-nested-images columns-default is-cropped wp-block-gallery-1 is-layout-flex wp-block-gallery-is-layout-flex\">\n<figure class=\"wp-block-image size-large\"><img loading=\"lazy\" decoding=\"async\" width=\"1024\" height=\"575\" data-id=\"42\" src=\"http:\/\/sadowy.one\/wp-content\/uploads\/2023\/09\/EB86AACD-6FD0-459D-B10C-CAC95324D887-1024x575.jpeg\" alt=\"\" class=\"wp-image-42\" srcset=\"https:\/\/sadowy.one\/wp-content\/uploads\/2023\/09\/EB86AACD-6FD0-459D-B10C-CAC95324D887-1024x575.jpeg 1024w, https:\/\/sadowy.one\/wp-content\/uploads\/2023\/09\/EB86AACD-6FD0-459D-B10C-CAC95324D887-300x169.jpeg 300w, https:\/\/sadowy.one\/wp-content\/uploads\/2023\/09\/EB86AACD-6FD0-459D-B10C-CAC95324D887-768x432.jpeg 768w, https:\/\/sadowy.one\/wp-content\/uploads\/2023\/09\/EB86AACD-6FD0-459D-B10C-CAC95324D887-1536x863.jpeg 1536w, https:\/\/sadowy.one\/wp-content\/uploads\/2023\/09\/EB86AACD-6FD0-459D-B10C-CAC95324D887-2048x1151.jpeg 2048w\" sizes=\"auto, (max-width: 767px) 89vw, (max-width: 1000px) 54vw, (max-width: 1071px) 543px, 580px\" \/><figcaption class=\"wp-element-caption\"><strong>Przygotowania mojego taty do wyjazdu na zgrupowanie kadry narodowej \ud83d\ude42<\/strong><\/figcaption><\/figure>\n<\/figure>\n\n\n\n<p>Wychowa\u0142em si\u0119&nbsp;w rodzinie szermierczej, ale&#8230;.<\/p>\n\n\n\n<p>swoj\u0105 przygod\u0119 z szermierka rozpocz\u0105\u0142em w 2018 roku, gdy m\u00f3j tata zabra\u0142 mnie do Verony na Mistrzostwa \u015awiata Junior\u00f3w.<\/p>\n\n\n\n<p>Na tych zawodach moja p\u00f3\u017aniejsza kole\u017canka z klubu, wywalczy\u0142a V-ce mistrzostwo \u015bwiata. <\/p>\n\n\n\n<figure class=\"wp-block-image size-large\"><img loading=\"lazy\" decoding=\"async\" width=\"1024\" height=\"526\" src=\"http:\/\/sadowy.one\/wp-content\/uploads\/2023\/09\/img_6419-1-1024x526.jpg\" alt=\"\" class=\"wp-image-114\" srcset=\"https:\/\/sadowy.one\/wp-content\/uploads\/2023\/09\/img_6419-1-1024x526.jpg 1024w, https:\/\/sadowy.one\/wp-content\/uploads\/2023\/09\/img_6419-1-300x154.jpg 300w, https:\/\/sadowy.one\/wp-content\/uploads\/2023\/09\/img_6419-1-768x394.jpg 768w, https:\/\/sadowy.one\/wp-content\/uploads\/2023\/09\/img_6419-1.jpg 1391w\" sizes=\"auto, (max-width: 767px) 89vw, (max-width: 1000px) 54vw, (max-width: 1071px) 543px, 580px\" \/><\/figure>\n\n\n\n<p><strong>Moje pierwsze mistrzostwa &#8211; jako kibic.<\/strong>  <\/p>\n\n\n\n<figure class=\"wp-block-gallery has-nested-images columns-default is-cropped wp-block-gallery-2 is-layout-flex wp-block-gallery-is-layout-flex\">\n<figure class=\"wp-block-image size-large\"><img loading=\"lazy\" decoding=\"async\" width=\"1920\" height=\"2560\" data-id=\"164\" src=\"http:\/\/sadowy.one\/wp-content\/uploads\/2023\/09\/image-edited-scaled.jpeg\" alt=\"IMG-6407.JPG\" class=\"wp-image-164\" srcset=\"https:\/\/sadowy.one\/wp-content\/uploads\/2023\/09\/image-edited-scaled.jpeg 1920w, https:\/\/sadowy.one\/wp-content\/uploads\/2023\/09\/image-edited-225x300.jpeg 225w, https:\/\/sadowy.one\/wp-content\/uploads\/2023\/09\/image-edited-768x1024.jpeg 768w, https:\/\/sadowy.one\/wp-content\/uploads\/2023\/09\/image-edited-1152x1536.jpeg 1152w, https:\/\/sadowy.one\/wp-content\/uploads\/2023\/09\/image-edited-1536x2048.jpeg 1536w\" sizes=\"auto, (max-width: 767px) 89vw, (max-width: 1000px) 54vw, (max-width: 1071px) 543px, 580px\" \/><\/figure>\n<\/figure>\n\n\n\n<p><strong>Z medalem Mistrzostw \u015awiata Junior\u00f3w mojej kole\u017canki Julii.<\/strong><\/p>\n\n\n\n<p>Po powrocie do Polski szermierka sta\u0142a si\u0119 moja pasj\u0105 i sposobem na \u017cycie  <\/p>\n\n\n\n<figure class=\"wp-block-gallery has-nested-images columns-default is-cropped wp-block-gallery-3 is-layout-flex wp-block-gallery-is-layout-flex\">\n<figure class=\"wp-block-image size-large\"><img loading=\"lazy\" decoding=\"async\" width=\"768\" height=\"1024\" data-id=\"165\" src=\"http:\/\/sadowy.one\/wp-content\/uploads\/2023\/09\/IMG-4895-768x1024.jpg\" alt=\"\" class=\"wp-image-165\" srcset=\"https:\/\/sadowy.one\/wp-content\/uploads\/2023\/09\/IMG-4895-768x1024.jpg 768w, https:\/\/sadowy.one\/wp-content\/uploads\/2023\/09\/IMG-4895-225x300.jpg 225w, https:\/\/sadowy.one\/wp-content\/uploads\/2023\/09\/IMG-4895-1152x1536.jpg 1152w, https:\/\/sadowy.one\/wp-content\/uploads\/2023\/09\/IMG-4895-1536x2048.jpg 1536w, https:\/\/sadowy.one\/wp-content\/uploads\/2023\/09\/IMG-4895-scaled.jpg 1920w\" sizes=\"auto, (max-width: 767px) 89vw, (max-width: 1000px) 54vw, (max-width: 1071px) 543px, 580px\" \/><figcaption class=\"wp-element-caption\"><strong>Zawsze chcia\u0142em by\u0107 na tym miejscu.<\/strong><\/figcaption><\/figure>\n<\/figure>\n\n\n\n<p>i  ja te\u017c zapragn\u0105\u0142em by\u0107 mistrzem, dodatkowo swoj\u0105 pasj\u0105 zarazi\u0142em mojego m\u0142odszego brata Wojtka.<\/p>\n\n\n\n<figure class=\"wp-block-gallery has-nested-images columns-default is-cropped wp-block-gallery-4 is-layout-flex wp-block-gallery-is-layout-flex\">\n<figure class=\"wp-block-image size-large\"><img loading=\"lazy\" decoding=\"async\" width=\"768\" height=\"1024\" data-id=\"166\" src=\"http:\/\/sadowy.one\/wp-content\/uploads\/2023\/09\/IMG-2329-768x1024.jpg\" alt=\"\" class=\"wp-image-166\" srcset=\"https:\/\/sadowy.one\/wp-content\/uploads\/2023\/09\/IMG-2329-768x1024.jpg 768w, https:\/\/sadowy.one\/wp-content\/uploads\/2023\/09\/IMG-2329-225x300.jpg 225w, https:\/\/sadowy.one\/wp-content\/uploads\/2023\/09\/IMG-2329-1152x1536.jpg 1152w, https:\/\/sadowy.one\/wp-content\/uploads\/2023\/09\/IMG-2329-1536x2048.jpg 1536w, https:\/\/sadowy.one\/wp-content\/uploads\/2023\/09\/IMG-2329-scaled.jpg 1920w\" sizes=\"auto, (max-width: 767px) 89vw, (max-width: 1000px) 54vw, (max-width: 1071px) 543px, 580px\" \/><\/figure>\n<\/figure>\n\n\n\n<p>Wtedy wszystko nabra\u0142o tempa,<\/p>\n\n\n\n<figure class=\"wp-block-gallery has-nested-images columns-default is-cropped wp-block-gallery-5 is-layout-flex wp-block-gallery-is-layout-flex\">\n<figure class=\"wp-block-image size-large\"><img loading=\"lazy\" decoding=\"async\" width=\"768\" height=\"1024\" data-id=\"37\" src=\"http:\/\/sadowy.one\/wp-content\/uploads\/2023\/09\/FE7A2063-040B-44F3-898C-194B7A92A1EC.jpeg\" alt=\"\" class=\"wp-image-37\" srcset=\"https:\/\/sadowy.one\/wp-content\/uploads\/2023\/09\/FE7A2063-040B-44F3-898C-194B7A92A1EC.jpeg 768w, https:\/\/sadowy.one\/wp-content\/uploads\/2023\/09\/FE7A2063-040B-44F3-898C-194B7A92A1EC-225x300.jpeg 225w\" sizes=\"auto, (max-width: 767px) 89vw, (max-width: 1000px) 54vw, (max-width: 1071px) 543px, 580px\" \/><\/figure>\n<\/figure>\n\n\n\n<p><strong>P\u00f3\u017aniej by\u0142o ju\u017c tylko lepiej\u2026. Ale o tym w zak\u0142adce &#8211; wyniki.<\/strong><\/p>\n","protected":false},"excerpt":{"rendered":"<p>Nazywam si\u0119 Krzysztof Sadowy. Wraz z moim m\u0142odszym bratem Wojtkiem trenujemy wyczynowo szermierk\u0119 i walczymy szpadami. Mo\u017cna powiedzie\u0107, \u017ce szermierk\u0119 wyssa\u0142em z mlekiem matki \ud83d\ude42 poniewa\u017c moi rodzice r\u00f3wnie\u017c trenowali wyczonowo szpad\u0119 a teraz s\u0105 trenerami. Wychowa\u0142em si\u0119&nbsp;w rodzinie szermierczej, ale&#8230;. swoj\u0105 przygod\u0119 z szermierka rozpocz\u0105\u0142em w 2018 roku, gdy m\u00f3j tata zabra\u0142 mnie do &hellip; <\/p>\n<p class=\"link-more\"><a href=\"https:\/\/sadowy.one\/?page_id=98\" class=\"more-link\">Czytaj dalej<span class=\"screen-reader-text\"> \u201eMoja pasja &#8211; szermierka\u201d<\/span><\/a><\/p>\n","protected":false},"author":2,"featured_media":0,"parent":0,"menu_order":0,"comment_status":"closed","ping_status":"closed","template":"","meta":{"footnotes":""},"class_list":["post-98","page","type-page","status-publish","hentry"],"yoast_head":"<!-- This site is optimized with the Yoast SEO plugin v21.1 - https:\/\/yoast.com\/wordpress\/plugins\/seo\/ -->\n<title>Moja pasja - szermierka - Sadowy.one<\/title>\n<meta name=\"robots\" content=\"index, follow, max-snippet:-1, max-image-preview:large, max-video-preview:-1\" \/>\n<link rel=\"canonical\" href=\"https:\/\/sadowy.one\/?page_id=98\" \/>\n<meta property=\"og:locale\" content=\"pl_PL\" \/>\n<meta property=\"og:type\" content=\"article\" \/>\n<meta property=\"og:title\" content=\"Moja pasja - szermierka - Sadowy.one\" \/>\n<meta property=\"og:description\" content=\"Nazywam si\u0119 Krzysztof Sadowy. Wraz z moim m\u0142odszym bratem Wojtkiem trenujemy wyczynowo szermierk\u0119 i walczymy szpadami. Mo\u017cna powiedzie\u0107, \u017ce szermierk\u0119 wyssa\u0142em z mlekiem matki \ud83d\ude42 poniewa\u017c moi rodzice r\u00f3wnie\u017c trenowali wyczonowo szpad\u0119 a teraz s\u0105 trenerami. Wychowa\u0142em si\u0119&nbsp;w rodzinie szermierczej, ale&#8230;. swoj\u0105 przygod\u0119 z szermierka rozpocz\u0105\u0142em w 2018 roku, gdy m\u00f3j tata zabra\u0142 mnie do &hellip; Czytaj dalej \u201eMoja pasja &#8211; szermierka\u201d\" \/>\n<meta property=\"og:url\" content=\"https:\/\/sadowy.one\/?page_id=98\" \/>\n<meta property=\"og:site_name\" content=\"Sadowy.one\" \/>\n<meta property=\"article:modified_time\" content=\"2023-12-27T10:45:14+00:00\" \/>\n<meta property=\"og:image\" content=\"http:\/\/sadowy.one\/wp-content\/uploads\/2023\/09\/EB86AACD-6FD0-459D-B10C-CAC95324D887-1024x575.jpeg\" \/>\n<meta name=\"twitter:card\" content=\"summary_large_image\" \/>\n<meta name=\"twitter:label1\" content=\"Szacowany czas czytania\" \/>\n\t<meta name=\"twitter:data1\" content=\"3 minuty\" \/>\n<script type=\"application\/ld+json\" class=\"yoast-schema-graph\">{\"@context\":\"https:\/\/schema.org\",\"@graph\":[{\"@type\":\"WebPage\",\"@id\":\"https:\/\/sadowy.one\/?page_id=98\",\"url\":\"https:\/\/sadowy.one\/?page_id=98\",\"name\":\"Moja pasja - szermierka - Sadowy.one\",\"isPartOf\":{\"@id\":\"https:\/\/sadowy.one\/#website\"},\"datePublished\":\"2023-09-24T13:36:33+00:00\",\"dateModified\":\"2023-12-27T10:45:14+00:00\",\"breadcrumb\":{\"@id\":\"https:\/\/sadowy.one\/?page_id=98#breadcrumb\"},\"inLanguage\":\"pl-PL\",\"potentialAction\":[{\"@type\":\"ReadAction\",\"target\":[\"https:\/\/sadowy.one\/?page_id=98\"]}]},{\"@type\":\"BreadcrumbList\",\"@id\":\"https:\/\/sadowy.one\/?page_id=98#breadcrumb\",\"itemListElement\":[{\"@type\":\"ListItem\",\"position\":1,\"name\":\"Home\",\"item\":\"https:\/\/sadowy.one\/\"},{\"@type\":\"ListItem\",\"position\":2,\"name\":\"Moja pasja &#8211; szermierka\"}]},{\"@type\":\"WebSite\",\"@id\":\"https:\/\/sadowy.one\/#website\",\"url\":\"https:\/\/sadowy.one\/\",\"name\":\"Sadowy.one\",\"description\":\"\",\"potentialAction\":[{\"@type\":\"SearchAction\",\"target\":{\"@type\":\"EntryPoint\",\"urlTemplate\":\"https:\/\/sadowy.one\/?s={search_term_string}\"},\"query-input\":\"required name=search_term_string\"}],\"inLanguage\":\"pl-PL\"}]}<\/script>\n<!-- \/ Yoast SEO plugin. -->","yoast_head_json":{"title":"Moja pasja - szermierka - Sadowy.one","robots":{"index":"index","follow":"follow","max-snippet":"max-snippet:-1","max-image-preview":"max-image-preview:large","max-video-preview":"max-video-preview:-1"},"canonical":"https:\/\/sadowy.one\/?page_id=98","og_locale":"pl_PL","og_type":"article","og_title":"Moja pasja - szermierka - Sadowy.one","og_description":"Nazywam si\u0119 Krzysztof Sadowy. Wraz z moim m\u0142odszym bratem Wojtkiem trenujemy wyczynowo szermierk\u0119 i walczymy szpadami. Mo\u017cna powiedzie\u0107, \u017ce szermierk\u0119 wyssa\u0142em z mlekiem matki \ud83d\ude42 poniewa\u017c moi rodzice r\u00f3wnie\u017c trenowali wyczonowo szpad\u0119 a teraz s\u0105 trenerami. Wychowa\u0142em si\u0119&nbsp;w rodzinie szermierczej, ale&#8230;. swoj\u0105 przygod\u0119 z szermierka rozpocz\u0105\u0142em w 2018 roku, gdy m\u00f3j tata zabra\u0142 mnie do &hellip; Czytaj dalej \u201eMoja pasja &#8211; szermierka\u201d","og_url":"https:\/\/sadowy.one\/?page_id=98","og_site_name":"Sadowy.one","article_modified_time":"2023-12-27T10:45:14+00:00","og_image":[{"url":"http:\/\/sadowy.one\/wp-content\/uploads\/2023\/09\/EB86AACD-6FD0-459D-B10C-CAC95324D887-1024x575.jpeg"}],"twitter_card":"summary_large_image","twitter_misc":{"Szacowany czas czytania":"3 minuty"},"schema":{"@context":"https:\/\/schema.org","@graph":[{"@type":"WebPage","@id":"https:\/\/sadowy.one\/?page_id=98","url":"https:\/\/sadowy.one\/?page_id=98","name":"Moja pasja - szermierka - Sadowy.one","isPartOf":{"@id":"https:\/\/sadowy.one\/#website"},"datePublished":"2023-09-24T13:36:33+00:00","dateModified":"2023-12-27T10:45:14+00:00","breadcrumb":{"@id":"https:\/\/sadowy.one\/?page_id=98#breadcrumb"},"inLanguage":"pl-PL","potentialAction":[{"@type":"ReadAction","target":["https:\/\/sadowy.one\/?page_id=98"]}]},{"@type":"BreadcrumbList","@id":"https:\/\/sadowy.one\/?page_id=98#breadcrumb","itemListElement":[{"@type":"ListItem","position":1,"name":"Home","item":"https:\/\/sadowy.one\/"},{"@type":"ListItem","position":2,"name":"Moja pasja &#8211; szermierka"}]},{"@type":"WebSite","@id":"https:\/\/sadowy.one\/#website","url":"https:\/\/sadowy.one\/","name":"Sadowy.one","description":"","potentialAction":[{"@type":"SearchAction","target":{"@type":"EntryPoint","urlTemplate":"https:\/\/sadowy.one\/?s={search_term_string}"},"query-input":"required name=search_term_string"}],"inLanguage":"pl-PL"}]}},"_links":{"self":[{"href":"https:\/\/sadowy.one\/index.php?rest_route=\/wp\/v2\/pages\/98","targetHints":{"allow":["GET"]}}],"collection":[{"href":"https:\/\/sadowy.one\/index.php?rest_route=\/wp\/v2\/pages"}],"about":[{"href":"https:\/\/sadowy.one\/index.php?rest_route=\/wp\/v2\/types\/page"}],"author":[{"embeddable":true,"href":"https:\/\/sadowy.one\/index.php?rest_route=\/wp\/v2\/users\/2"}],"replies":[{"embeddable":true,"href":"https:\/\/sadowy.one\/index.php?rest_route=%2Fwp%2Fv2%2Fcomments&post=98"}],"version-history":[{"count":15,"href":"https:\/\/sadowy.one\/index.php?rest_route=\/wp\/v2\/pages\/98\/revisions"}],"predecessor-version":[{"id":252,"href":"https:\/\/sadowy.one\/index.php?rest_route=\/wp\/v2\/pages\/98\/revisions\/252"}],"wp:attachment":[{"href":"https:\/\/sadowy.one\/index.php?rest_route=%2Fwp%2Fv2%2Fmedia&parent=98"}],"curies":[{"name":"wp","href":"https:\/\/api.w.org\/{rel}","templated":true}]}}